*(-21)/6. Let c(n) = 10*n**2 - 8*n + 7. Determine c(i).
9
Let m(g) = 101 - 289 + 97 - g + 122 - 2*g. Determine m(10).
1
Let r(g) be the second derivative of -2*g**3/3 + g**2/2 + 9*g. Let k be 3/(3/(-12)*-4). Suppose 0 = 2*d - l + 5 - k, 3*d = l - 3. Calculate r(d).
5
Suppose -5*u = -186 + 36. Suppose 3*z = -7*z + u. Suppose z*h = 9*h + 48. Let l(f) = f - 3. What is l(h)?
-11
Let h(p) = 84 - 79 - 9*p**2 - p**3 + 6*p + 3*p + 2*p**3 - 5*p. What is h(8)?
-27
Let z(o) = -112*o + 194. Let u(q) = -158*q + 291. Let m(v) = -5*u(v) + 7*z(v). Give m(18).
11
Let p(s) = 2*s**2 + 2*s - 19. Let v be (-30 - -26) + (7 - -2). What is p(v)?
41
Let t(a) = 386*a - 94. Let b(s) = 318*s - 94. Let c(g) = 12*b(g) - 10*t(g). Give c(-4).
-12
Let q(i) = -49. Let g(z) = 3*z**2 + 11*z + 309. Let h(k) = -g(k) - 6*q(k). Determine h(-6).
-57
Let g(x) = -13*x + 62. Suppose -19 = u - 4*i, -372*i + 367*i + 10 = -4*u. Give g(u).
-3
Let i(m) = -2*m**3 + 16*m**2 - 10*m + 4. Let s(v) = -3*v**3 + 31*v**2 - 21*v + 10. Let o(x) = 5*i(x) - 3*s(x). Give o(-14).
4
Suppose -3*y - 5*o + o = -27, -y + 43 = 7*o. Let b(g) = 25*g**2 + g. What is b(y)?
26
Let y = -8 - -14. Let c(b) be the first derivative of 6*b + 3/2*b**2 - 1/3*b**3 - 95. Determine c(y).
-12
Let h(j) = 3*j**3 - 7*j**2 + 6*j + 20. Let u(b) = -8*b**3 + 14*b**2 - 13*b - 38. Let w(o) = -5*h(o) - 2*u(o). What is w(-7)?
4
Let b(m) be the second derivative of -1/6*m**3 - 1/2*m**2 + 109*m + 0 + 3/2*m**4. Determine b(-1).
18
Let l(d) = -11 - 10 - 5*d**2 - 200*d + 36 + d**3 + 208*d - 2*d**3. Determine l(-6).
3
Suppose 0*q - 3*q + 4*m = -693, -3*m - 1155 = -5*q. Let b be 1 + 18/(-22) + 7119/q. Suppose 5*p = -9 - b. Let y(x) = -x**3 - 7*x**2 + 7*x - 11. Determine y(p).
-3
Let x = 664 + -672. Let t(r) = 10*r + 80. What is t(x)?
0
Let q = -2/3265 - -677/39180. Let c(n) be the third derivative of -q*n**5 + 19*n**2 + 0*n + 0 - 1/3*n**3 + 5/24*n**4. Determine c(6).
-8
Let w(i) = -i**3 - i**2 - 2. Suppose 7*o = 17 + 32. Suppose 4*n = 3*v + 7, 4*n + 4*v - o = 21. Suppose 0 = -n*b + 9*b. Give w(b).
-2
Suppose 4*q - 102 = -3*w, 0 = 38*w - 43*w + q + 147. Let y(x) = -2*x**2 + 58*x + 14. Determine y(w).
-46
Let z(q) = 1510*q + 6057. Let p be z(-4). Let o(h) = -h**3 + 15*h**2 + 33*h - 27. Determine o(p).
-44
Let m be 2214/432 - ((-2)/16)/(-1). Let y(k) = -2*k**3 + 17*k**2 - 4*k + 5. Let z(b) = b**3 - 8*b**2 + 2*b - 2. Let g(s) = 3*y(s) + 7*z(s). What is g(m)?
11
Let l(j) = -8*j**2 - 9*j - 1. Let m(g) = 95 - 4*g - 95 - 4*g**2 + 0*g**2. Let c(h) = 2*l(h) - 5*m(h). Give c(2).
18
Suppose 16 = g + 14. Let i(a) = 2*a**2 + a**3 - 10*a**g - 1750*a + 1751*a - 2. Let m be (3 + 21/(-6))*-16. Determine i(m).
6
Let s(c) be the third derivative of c**7/2520 + c**6/120 - c**5/15 + c**3/6 + 18*c**2 + 6. Let f(a) be the third derivative of s(a). Determine f(-6).
-6
Let q(g) = g**3 + 7*g**2 - 99*g + 130. Let m be q(6). Let x(o) = o**3 - 3*o**2 + 4*o + 5. Give x(m).
37
Suppose -5*n = 4*y + 28, 19*n - y + 14 = 15*n. Suppose 4*l = l + 15. Let o(j) = -j**3 + 3*j**3 - 3*j**3 - 3*j + l - 5*j**2. What is o(n)?
1
Let j(s) be the third derivative of 35*s**2 - 1/24*s**4 + 0*s**3 + 0*s + 9/20*s**5 + 0. What is j(1)?
26
Let r(d) = 3*d - 24. Let i be r(8). Let s be 10/3*(6/4 + i). Let b(a) = -a**3 + 5*a**2 - 6. Give b(s).
-6
Let u(m) = -m**2 - 3*m + 1 + 2*m + 2. Let z(h) = h + 21. Let p be z(-19). Let g(r) = -13*r + 22. Let j be g(p). Determine u(j).
-9
Let p(q) = -q**3 + 6*q**2 + 2*q + 3. Let n be p(6). Suppose -3*o + 27 + n = -5*b, -3*b - 38 = -5*o. Let m(g) = 2*g - 42*g - 5*g - 2 + 44*g. Calculate m(b).
4
Let w(m) be the second derivative of m**5/20 - m**4/2 - 3*m**3/2 - 3*m**2 - m. Let c(a) = 4644*a + 13939. Let j be c(-3). Calculate w(j).
-20
Let x(t) be the second derivative of 7*t**3/2 + t**2/2 + 36*t + 1. Determine x(1).
22
Let h be (-2)/8 - (4 - 15425/20). Let y(z) = z**3 + 2*z**2 - 767 + h. Let r(o) = -o - 5. Let j be r(-3). Calculate y(j).
0
Suppose 3*z - 12 = i, 141*z - 19 = 2*i + 136*z. Let u(t) = 2 - t + 3*t + t - 7. Calculate u(i).
4
Let m(t) be the third derivative of -t**5/60 + 13*t**4/24 + 10*t**3/3 - 905*t**2. What is m(16)?
-28
Suppose -264 = 99*y - 87*y. Let l(w) = -w**3 - 22*w**2 - 2*w - 38. What is l(y)?
6
Let n(f) = -12*f**2 - 8*f - 16. Let v(o) = -17*o**2 - 8*o - 17. Let s(r) = 4*n(r) - 3*v(r). Determine s(4).
3
Let c(y) = 205*y**2 + 4*y - 2*y - 406*y**2 + 202*y**2. Let m(x) = -6*x**2 - 5*x. Let i(j) = -4*c(j) - m(j). What is i(2)?
2
Let b(i) = i**3 + i - 4. Let t = 920 + -498. Let l = t + -420. What is b(l)?
6
Let p(t) be the second derivative of -174*t + 1/6*t**3 + 3/2*t**2 + 0. Determine p(-7).
-4
Let r(v) be the third derivative of -v**6/180 + v**4/8 + 26*v**3/3 - 5*v**2 - 13. Let q(x) be the first derivative of r(x). Give q(5).
-47
Let f be (1*0*-1*(-8)/(-24))/6. Let j(x) = x**2 + x - 79. What is j(f)?
-79
Let g = 716 + -712. Let k(o) be the third derivative of 0*o + g*o**2 + 1/3*o**3 + 0 + 1/120*o**6 - 1/6*o**4 + 1/30*o**5. Give k(2).
10
Suppose -w - 5 = 4*w. Let p be w - (-3)/(-3)*-34. Let j = 31 - p. Let r(d) = -2*d**3 - 2*d**2 + 2*d + 3. Determine r(j).
7
Suppose -88 = 49*c - 51*c. Suppose 28*o + c + 12 = 0. Let a(x) = 2*x**3 + 2*x**2 - 3*x - 2. Determine a(o).
-4
Let o(y) = -y**3 + 15*y**2 + y. Let w(p) = -3*p**3 + 71*p**2 - 10*p - 17. Let z(v) = -4*o(v) + w(v). Calculate z(-12).
7
Let d(f) be the first derivative of f**4/4 + 7*f**3/3 - 7*f**2 - 2*f - 951. What is d(-9)?
-38
Let f be (-158)/(-10) - 288/(-240). Let q(o) = 2*o + 20*o - 12*o + 17*o**3 + 8*o**2 - 16*o**3 + f. Give q(-7).
-4
Let l(g) be the second derivative of -3*g**3/2 - 2*g**2 + 374*g. Calculate l(-2).
14
Let a = -9 + 6. Let d be 1/a*0 - -6. Let l(b) be the second derivative of -b**4/12 + b**3 + b**2/2 + 30*b + 3. Give l(d).
1
Suppose 5*y + 35 = 4*a, 10 = -16*a + 18*a. Let h(v) be the second derivative of v**4/6 - 2*v**3/3 - 2*v**2 - 7*v - 7. Determine h(y).
26
Suppose 0 = 5*s + 4*o - 23, -3*s - 15 = 5*o - 21. Let x(k) = -13 + s*k + k**2 + 5 - 3 + 6 + 1. Let r = 7 + -14. Determine x(r).
-4
Let u(s) = -2*s**2 - 10*s - 12. Let k(f) = 51*f - 275. Let o be k(6). Suppose 10*p = -29 - o. Give u(p).
-24
Let v(f) = -13*f. Suppose -k + 5*k + 1 = y, 0 = -4*y - 12. Let b be k*(-2)/(-8)*-16. Suppose -5 = -b*d - 1. What is v(d)?
-13
Let j(t) be the first derivative of t**4/4 - 38*t**3/3 + 19*t**2 - 17*t + 592. What is j(37)?
20
Let a(j) = -7*j**3 - 49*j**2 - 26*j + 6. Let y(z) = 15*z**3 + 107*z**2 + 56*z - 12. Let u(x) = 13*a(x) + 6*y(x). What is u(5)?
-4
Let z(f) = f**2 + 1. Suppose 54*x = -44*x + 588. Let d = -1 - -2. Let o(v) = -7*v**2 - 9*v + 1. Let l(b) = d*o(b) + x*z(b). What is l(-10)?
-3
Let r(p) be the second derivative of p**4/12 - 5*p**3/3 - p**2 - 76*p - 2. Let c be r(10). Let w(t) = -t**3 + 2*t**2 - t - 2. Give w(c).
16
Let y(t) = 2*t**3 - 82*t**2 + 80*t - 15. Let m be y(40). Let g(f) = 5*f**2 + 77*f - 8. Calculate g(m).
-38
Let n(k) = k**3 - 21*k**2 - 23*k + 27. Let t = -705 + 727. Let w be n(t). Let v(a) = a**2 - 3*a - 11. Calculate v(w).
-1
Suppose -4*g = s - 35, -22*s + 19*s + 70 = 5*g. Let y(u) = -76 - s*u + 80 + 10*u. Give y(2).
-6
Let q(n) = -7*n - 4. Let g(o) = 4*o + 2. Let m(p) = 5*g(p) + 3*q(p). Let x be (1 - 0)/((-80)/(-64))*5. Suppose 0 - 8 = x*y. Calculate m(y).
0
Suppose 6*f + 966 = 49*f - 490 + 1069. Let n(u) be the first derivative of -u**3/3 + 5*u**2 - 4*u - 1. Give n(f).
5
Let u(x) = -90*x + 35. Let f(d) = 10*d - 4. Let i(q) = 35*f(q) + 4*u(q). Let g = 653 - 674. Let c be -5 - (-5 + 2 - (24 + g)). Determine i(c).
-10
Let p(h) be the second derivative of h**4/12 - 4*h**3/3 + 7*h**2/2 - 138*h. Let y(x) = -x - 12. Let l be y(-6). Let w be (-12)/(-9)*(-27)/l. What is p(w)?
-5
Let x(u) = u**3 - 209*u**2 + 6088*u + 84. Let c be x(35). Let i(r) = 7*r + 7*r - r**2 + 1 + 6. Determine i(c).
7
Let y(g) be the first derivative of -28*g**2 - 9*g - 6320. Calculate y(1).
-65
Let g(w) = -w**2 + 6*w + 17. Suppose -48*q - 40*q = -76*q - 84. Determine g(q).
10
Let g(x) = 5*x - 10*x + 14*x + 7*x**2 + 3*x - 12 + 0*x - x**3. Give g(4).
84
Let j(m) = -187*m - 803. Let a(f) = 21*f + 89. Let i(v) = 44*a(v) + 5*j(v). Determine i(-9).
0
Let q(b) = -b - 4. Let w be q(-6). Let n(s) = 4*s + 0*s**2 - 7*s**2 - 3 + 6*s**w. Calculate n(2).
1
Let z(i) = -69 + 0*i**2 + 2*i**2 + 2855*i - 2852*i. 